{"id":72,"date":"2015-08-14T13:03:22","date_gmt":"2015-08-14T11:03:22","guid":{"rendered":"http:\/\/wp.telefonseelsorge-ulm.de\/index.php\/sorgen-kann-man-teilen\/"},"modified":"2020-08-02T19:39:41","modified_gmt":"2020-08-02T17:39:41","slug":"sorgen-kann-man-teilen","status":"publish","type":"page","link":"https:\/\/telefonseelsorge-ulm.de\/index.php\/sorgen-kann-man-teilen\/","title":{"rendered":"Sorgen kann man teilen."},"content":{"rendered":"<p>Grunds\u00e4tzlich steht TelefonSeelsorge allen Ratsuchenden offen, unabh\u00e4ngig von religi\u00f6ser oder ethnischer Zugeh\u00f6rigkeit.&nbsp;<\/p>\n<p>Menschen in suizidalen und anderen Krisen, mit Problemen in ihren Beziehungen, mit chronischen seelischen oder k\u00f6rperlichen Beeintr\u00e4chtigungen und Menschen, die einen vertrauensvollen Gespr\u00e4chspartner ben\u00f6tigen, suchen den Kontakt zur TelefonSeelsorge.&nbsp;<\/p>\n<p>Verstehendes Zuh\u00f6ren und aufmerksame Begleitung erm\u00f6glichen es, Anstehendes zu kl\u00e4ren, Halt zu finden und neue Perspektiven zu gewinnen. &nbsp;<\/p>\n<p>Telefonisch sind wir \u00fcber 0800\/111 0 111 oder 0800\/111 0 222 geb\u00fchrenfrei zu erreichen.<\/p>\n<p>Sorgen kann man teilen.<\/p>\n","protected":false},"excerpt":{"rendered":"<p>Grunds\u00e4tzlich steht TelefonSeelsorge allen Ratsuchenden offen, unabh\u00e4ngig von religi\u00f6ser oder ethnischer Zugeh\u00f6rigkeit.&nbsp; Menschen in suizidalen und anderen Krisen, mit Problemen in ihren Beziehungen, mit chronischen seelischen oder k\u00f6rperlichen Beeintr\u00e4chtigungen und Menschen, die einen vertrauensvollen Gespr\u00e4chspartner ben\u00f6tigen, suchen den Kontakt zur TelefonSeelsorge.&nbsp; Verstehendes Zuh\u00f6ren und aufmerksame Begleitung erm\u00f6glichen es, Anstehendes zu kl\u00e4ren, Halt zu finden und [&#8230;]<\/p>\n<p><a class=\"btn btn-secondary understrap-read-more-link\" href=\"https:\/\/telefonseelsorge-ulm.de\/index.php\/sorgen-kann-man-teilen\/\">Weiterlesen\u00a0\u2026<span class=\"screen-reader-text\"> from Sorgen kann man teilen.<\/span><\/a><\/p>\n","protected":false},"author":8,"featured_media":0,"parent":0,"menu_order":2,"comment_status":"closed","ping_status":"closed","template":"page-templates\/fullwidthpage.php","meta":{"footnotes":""},"categories":[],"tags":[],"class_list":["post-72","page","type-page","status-publish","hentry"],"_links":{"self":[{"href":"https:\/\/telefonseelsorge-ulm.de\/index.php\/wp-json\/wp\/v2\/pages\/72","targetHints":{"allow":["GET"]}}],"collection":[{"href":"https:\/\/telefonseelsorge-ulm.de\/index.php\/wp-json\/wp\/v2\/pages"}],"about":[{"href":"https:\/\/telefonseelsorge-ulm.de\/index.php\/wp-json\/wp\/v2\/types\/page"}],"author":[{"embeddable":true,"href":"https:\/\/telefonseelsorge-ulm.de\/index.php\/wp-json\/wp\/v2\/users\/8"}],"replies":[{"embeddable":true,"href":"https:\/\/telefonseelsorge-ulm.de\/index.php\/wp-json\/wp\/v2\/comments?post=72"}],"version-history":[{"count":1,"href":"https:\/\/telefonseelsorge-ulm.de\/index.php\/wp-json\/wp\/v2\/pages\/72\/revisions"}],"predecessor-version":[{"id":184,"href":"https:\/\/telefonseelsorge-ulm.de\/index.php\/wp-json\/wp\/v2\/pages\/72\/revisions\/184"}],"wp:attachment":[{"href":"https:\/\/telefonseelsorge-ulm.de\/index.php\/wp-json\/wp\/v2\/media?parent=72"}],"wp:term":[{"taxonomy":"category","embeddable":true,"href":"https:\/\/telefonseelsorge-ulm.de\/index.php\/wp-json\/wp\/v2\/categories?post=72"},{"taxonomy":"post_tag","embeddable":true,"href":"https:\/\/telefonseelsorge-ulm.de\/index.php\/wp-json\/wp\/v2\/tags?post=72"}],"curies":[{"name":"wp","href":"https:\/\/api.w.org\/{rel}","templated":true}]}}

<p>Grundsätzlich steht TelefonSeelsorge allen Ratsuchenden offen, unabhängig von religiöser oder ethnischer Zugehörigkeit.&nbsp;</p>
<p>Menschen in suizidalen und anderen Krisen, mit Problemen in ihren Beziehungen, mit chronischen seelischen oder körperlichen Beeinträchtigungen und Menschen, die einen vertrauensvollen Gesprächspartner benötigen, suchen den Kontakt zur TelefonSeelsorge.&nbsp;</p>
<p>Verstehendes Zuhören und aufmerksame Begleitung ermöglichen es, Anstehendes zu klären, Halt zu finden und neue Perspektiven zu gewinnen. &nbsp;</p>
<p>Telefonisch sind wir über 0800/111 0 111 oder 0800/111 0 222 gebührenfrei zu erreichen.</p>
<p>Sorgen kann man teilen.</p>

<p>Grundsätzlich steht TelefonSeelsorge allen Ratsuchenden offen, unabhängig von religiöser oder ethnischer Zugehörigkeit.&nbsp; Menschen in suizidalen und anderen Krisen, mit Problemen in ihren Beziehungen, mit chronischen seelischen oder körperlichen Beeinträchtigungen und Menschen, die einen vertrauensvollen Gesprächspartner benötigen, suchen den Kontakt zur TelefonSeelsorge.&nbsp; Verstehendes Zuhören und aufmerksame Begleitung ermöglichen es, Anstehendes zu klären, Halt zu finden und [&#8230;]</p>
<p><a class="btn btn-secondary understrap-read-more-link" href="https://telefonseelsorge-ulm.de/index.php/sorgen-kann-man-teilen/">Weiterlesen …<span class="screen-reader-text"> from Sorgen kann man teilen.</span></a></p>
