{"id":24,"date":"2015-06-26T12:03:36","date_gmt":"2015-06-26T10:03:36","guid":{"rendered":"http:\/\/wp.telefonseelsorge-ulm.de\/index.php\/impressum\/"},"modified":"2025-09-09T11:51:43","modified_gmt":"2025-09-09T09:51:43","slug":"impressum","status":"publish","type":"page","link":"https:\/\/telefonseelsorge-ulm.de\/index.php\/impressum\/","title":{"rendered":"Impressum"},"content":{"rendered":"<p>Verantwortlich f\u00fcr diese Internetseite:<\/p>\r\n<p>Dekan Ulrich Kloos<\/p>\r\n<p>Arbeitsgemeinschaft TelefonSeelsorge Ulm \/ Neu-Ulm (nicht eingetragener Verein, getragen von der katholischen und evangelischen Kirche in Bayern und Baden-W\u00fcrttemberg, vertretungsberechtigt durch den gesch\u00e4ftsf\u00fchrenden Vorstand)<\/p>\r\n<p><strong>Adresse<\/strong><\/p>\r\n<p>Postfach 4070<\/p>\r\n<p>89030 Ulm<\/p>\r\n<p><strong>Kontakt<\/strong><\/p>\r\n<p>Telefon: +49 (0) 731 69883<\/p>\r\n<p>E-Mail: info@telefonseelsorge-ulm.de<\/p>\r\n<p><strong>Verbraucherstreitbeilegung\/Universalschlichtungsstelle<\/strong><\/p>\r\n<p>Wir sind nicht bereit oder verpflichtet, an Streitbeilegungsverfahren vor einer<\/p>\r\n<p>Verbraucherschlichtungsstelle teilzunehmen.<\/p>\r\n\r\n<p>&nbsp;<\/p>\r\n","protected":false},"excerpt":{"rendered":"<p>Verantwortlich f\u00fcr diese Internetseite: Dekan Ulrich Kloos Arbeitsgemeinschaft TelefonSeelsorge Ulm \/ Neu-Ulm (nicht eingetragener Verein, getragen von der katholischen und evangelischen Kirche in Bayern und Baden-W\u00fcrttemberg, vertretungsberechtigt durch den gesch\u00e4ftsf\u00fchrenden Vorstand) Adresse Postfach 4070 89030 Ulm Kontakt Telefon: +49 (0) 731 69883 E-Mail: info@telefonseelsorge-ulm.de Verbraucherstreitbeilegung\/Universalschlichtungsstelle Wir sind nicht bereit oder verpflichtet, an Streitbeilegungsverfahren vor einer [&#8230;]<\/p>\n<p><a class=\"btn btn-secondary understrap-read-more-link\" href=\"https:\/\/telefonseelsorge-ulm.de\/index.php\/impressum\/\">Weiterlesen\u00a0\u2026<span class=\"screen-reader-text\"> from Impressum<\/span><\/a><\/p>\n","protected":false},"author":8,"featured_media":0,"parent":0,"menu_order":2,"comment_status":"closed","ping_status":"closed","template":"page-templates\/fullwidthpage.php","meta":{"footnotes":""},"categories":[],"tags":[],"class_list":["post-24","page","type-page","status-publish","hentry"],"_links":{"self":[{"href":"https:\/\/telefonseelsorge-ulm.de\/index.php\/wp-json\/wp\/v2\/pages\/24","targetHints":{"allow":["GET"]}}],"collection":[{"href":"https:\/\/telefonseelsorge-ulm.de\/index.php\/wp-json\/wp\/v2\/pages"}],"about":[{"href":"https:\/\/telefonseelsorge-ulm.de\/index.php\/wp-json\/wp\/v2\/types\/page"}],"author":[{"embeddable":true,"href":"https:\/\/telefonseelsorge-ulm.de\/index.php\/wp-json\/wp\/v2\/users\/8"}],"replies":[{"embeddable":true,"href":"https:\/\/telefonseelsorge-ulm.de\/index.php\/wp-json\/wp\/v2\/comments?post=24"}],"version-history":[{"count":5,"href":"https:\/\/telefonseelsorge-ulm.de\/index.php\/wp-json\/wp\/v2\/pages\/24\/revisions"}],"predecessor-version":[{"id":1525,"href":"https:\/\/telefonseelsorge-ulm.de\/index.php\/wp-json\/wp\/v2\/pages\/24\/revisions\/1525"}],"wp:attachment":[{"href":"https:\/\/telefonseelsorge-ulm.de\/index.php\/wp-json\/wp\/v2\/media?parent=24"}],"wp:term":[{"taxonomy":"category","embeddable":true,"href":"https:\/\/telefonseelsorge-ulm.de\/index.php\/wp-json\/wp\/v2\/categories?post=24"},{"taxonomy":"post_tag","embeddable":true,"href":"https:\/\/telefonseelsorge-ulm.de\/index.php\/wp-json\/wp\/v2\/tags?post=24"}],"curies":[{"name":"wp","href":"https:\/\/api.w.org\/{rel}","templated":true}]}}